. What are the prime factors of h(2)?
23
Suppose 2*g + m = 11, -5*g = m - 37 + 17. Suppose -1091 = -g*r - 86. What are the prime factors of r?
5, 67
Suppose -m + 4*u + 213 + 223 = 0, 1360 = 3*m + u. Let d = 775 - m. List the prime factors of d.
17, 19
Let d(q) be the first derivative of 153*q**2 - 24*q + 103. What are the prime factors of d(2)?
2, 3, 7
Suppose -8536716 = -291*x + 42*x. List the prime factors of x.
2, 3, 2857
Suppose 56*v + 6886020 = 62*v + 334*v. List the prime factors of v.
3, 43, 157
Suppose 3*g + 0*g + i = 190, 0 = 4*i - 16. Let u = -58 + g. Suppose 2*b - 15 = 3*p, -3*p - 29 = -u*b + 10. What are the prime factors of b?
2, 3
Let c = 6931 - 4441. Suppose 3*j - c = -3*j. List the prime factors of j.
5, 83
Let l(b) = 16*b + 13. Let w(f) = f**3 + 2*f**2 + f. Let x be w(-1). What are the prime factors of l(x)?
13
Suppose -25*o + 17*o = -2360. Suppose -q + 0 = -o. List the prime factors of q + (2/(-4)*-6 - 6).
2, 73
Suppose 0 = -8*a - 11*a - 9633. Let x = 927 + a. What are the prime factors of x?
2, 3, 5, 7
Suppose 110 = -61*p + 71*p. Suppose -3*b + 341 = c, -4*c + p*b = 14*b - 1355. List the prime factors of c.
2, 13
Let z be (-3 + 5 - 5/3)*27. Suppose 0 = z*l - 4*l - 10. Suppose p + 23 = a, 2*p - 67 = -3*a + l. List the prime factors of a.
23
Let x be (-1*(-48)/(-30))/(2/15). Let m(u) = 2*u**2 - 37*u - 15. List the prime factors of m(x).
3, 239
Suppose 0*t + 5*f + 51 = 2*t, 5*f + 77 = 4*t. Let j(x) = -6*x - 21 + 2 + 6*x - t*x. What are the prime factors of j(-5)?
2, 23
Suppose 27320 = 4*p - z, 2314*p - 34139 = 2309*p + 4*z. What are the prime factors of p?
3, 11, 23
Suppose -5*h + 25*m = 28*m - 31607, 3*h + 5*m = 18977. What are the prime factors of h?
71, 89
Suppose -l + 3*n = -8676, -4*n = -4*l + 10939 + 23805. List the prime factors of l.
3, 2897
Let x be (-3)/(-1 + (7 - (-3 - -8))). List the prime factors of 1216 - (6/x + 6).
2, 3, 101
Let c(g) = 3*g - 25. Let t be c(10). Suppose t*k + 15 = 5*a - 0*k, 2*a - k = 7. Let v(i) = 4*i**3 - 6*i**2 + 2*i. What are the prime factors of v(a)?
2, 3, 7
Suppose -95 = -3*k - 14. Let s(q) = -q - 2. Let o(l) = -6*l + 8. Let f(r) = -o(r) + 4*s(r). What are the prime factors of f(k)?
2, 19
Let a = 38250 + -19266. What are the prime factors of a?
2, 3, 7, 113
Suppose 254*n - 152*n - 1876596 = 0. List the prime factors of n.
2, 9199
Let b = 227 - 516. Let y = b + 341. What are the prime factors of y?
2, 13
Let a(w) = w**2 + 17*w - 781. List the prime factors of a(86).
41, 197
Let n be 2/(-4) + (-26)/(-4). Let m(q) = -20*q**3 + 19*q**3 + n*q**2 - 3*q**2 + 7*q**2 + 3 - 7*q. What are the prime factors of m(8)?
3, 5
Suppose 24 = -9*u + 51. Suppose b = -p + 626, -b + u*b = -3*p + 1254. What are the prime factors of b?
2, 3, 13
Let j(o) = 2*o**3 + 4*o**2 - 4*o - 5. Let g be j(-2). Let c be 9*g/((-81)/(-6)). List the prime factors of c/11 + (-8)/66*-246.
2, 3, 5
Suppose 0 = -248*l + 122*l + 4087062. List the prime factors of l.
163, 199
Let t(g) = 65*g - 141. Let h be t(-9). Let l = h + 1276. What are the prime factors of l?
2, 5, 11
Suppose 196*p - 455*p = -225*p - 882266. List the prime factors of p.
7, 11, 337
Suppose -3*b + 31836 = 3*d, 5*d - 53120 = -59*b + 64*b. List the prime factors of d.
2, 5309
Let k(j) = -768 - 7*j - 791 + 16*j**2 + 1517. What are the prime factors of k(-5)?
3, 131
Let g(y) = y**3 + 15*y**2 + 17*y + 44. Let u be g(-14). What are the prime factors of ((1 - u - 8)*-72)/1?
2, 3
Let y(h) = -h + 11. Let n be y(7). Suppose n*r = 7 + 9. Suppose -30 = r*f - 410. What are the prime factors of f?
5, 19
Suppose 0 = -3*b + 3*r + 14064, 3*r = 23*b - 24*b + 4676. List the prime factors of b.
5, 937
Let l = -34 - -50. Suppose -3*c = 6, 2*g + 4*c = -g + l. Suppose -5*m - 3*v = -765, 0 = 3*m - g*m - 4*v + 765. What are the prime factors of m?
3, 17
Let g(s) = 16*s - 199. Let k be g(12). What are the prime factors of k/(-1)*1795*(-16)/(-280)?
2, 359
What are the prime factors of (-6273 + -2 + 1 + 1)/(729/(-486))?
2, 3, 17, 41
Let c be (-9264)/(-64) + 5/4. Let k = -59 + c. List the prime factors of k.
3, 29
Suppose 1884 = 2*n - 4*a, 5*n + 3*a + 1567 - 6173 = 0. What are the prime factors of n?
2, 463
Let n = -193 + 407. Suppose -975 = 209*p - n*p. List the prime factors of p.
3, 5, 13
Let r(f) = f**3 + 12*f**2 + 22*f - 57. What are the prime factors of r(10)?
17, 139
Let u(h) = 233*h + 147. Let j be u(5). Suppose j = 6*o - 1778. List the prime factors of o.
5, 103
Let t(r) = 7*r**2 + 10*r - 35. Let z(o) = 2*o**2 - o - 2. Let f be z(2). Let w be f/((-3)/(45/(-12))). List the prime factors of t(w).
2, 5, 19
Let n = -12 - -160. Suppose -4*g = 3*c - 675 + 231, 0 = c - 2*g - n. What are the prime factors of c?
2, 37
What are the prime factors of (-22 + 7504/70)/((-4)/(-310))?
3, 31, 71
Let q be (20 - 0)*(-13)/52. Let r(m) = -61*m - 106. List the prime factors of r(q).
199
Suppose 0 = -u + 2*t + 2204, 3*u + t + 2*t = 6612. Let j = u - 587. What are the prime factors of j?
3, 7, 11
List the prime factors of ((-520)/50)/((-12)/1290).
2, 13, 43
Suppose 4 = 2*t + 4*g, 0 = t - g - 2. Let l be (-4 + 8)/(t/118) + 4. Suppose 6*j = 108 + l. List the prime factors of j.
2, 29
Let y be 4 + (27/18)/((-6)/(-8)). What are the prime factors of 217 - 20/y*(-42)/(-35)?
3, 71
Suppose 72 = 12*v - 0*v. Suppose 2*d - 4545 = -5*y, v*d = 11*d - 25. What are the prime factors of y?
907
Let r be (-4)/2*(-5 - 2). Suppose 4471*b - 6 = 4473*b. Let a = b + r. What are the prime factors of a?
11
Suppose -3*h - 3 = 0, -c - 3*h + 10952 = -18719. What are the prime factors of c?
2, 37, 401
Let q(z) = 2*z**3 - 15*z**2 - 17*z + 12. Let d(b) = b**3 - 15*b**2 - 16*b + 13. Let o(a) = 3*d(a) - 2*q(a). List the prime factors of o(-15).
3, 5
Let m be (0 - (-4)/(-1))*-1. Suppose k = m*k + 6. What are the prime factors of 3/k + 995/10?
2, 7
Let v be ((-954)/15)/((-30)/(-100)). Suppose 3*l - 61 = -427. Let w = l - v. What are the prime factors of w?
2, 3, 5
Suppose 33 = 4*b - 3*k, -4*k + 6*k - 58 = -4*b. List the prime factors of -4 + 66/b + 394/4.
2, 5
Let k = -516 - -591. List the prime factors of ((-60)/k)/(3/(-5955)).
2, 397
Let v = -26 + 10. Let h = v - -19. Suppose -5*x + 2*k - k = -360, 350 = 5*x - h*k. List the prime factors of x.
73
Let b(x) = -4*x**2 + 21*x - 3. Let c be b(5). Suppose 3*v + c*i = 1571, 4*v + 0*i = -2*i + 2096. What are the prime factors of v?
3, 5, 7
Let i = -151 - -155. Suppose i*v - 84 = 3*n - 4*n, -2*n + 4*v = -180. List the prime factors of n.
2, 11
Let y(u) = 49*u**2 + u - 1. Let f be y(1). Let w be 7/(f/12) - 6/(-21). Suppose -w*o - 26 = -412. What are the prime factors of o?
193
Let g = 1869 - -2323. List the prime factors of g.
2, 131
Suppose 330 - 147 = c. Let g = 839 - c. List the prime factors of g.
2, 41
Let x(a) = -22*a**2 + 13*a + 8. Let l(f) = -3*f - 3. Let h be l(-3). Let c(m) = 11*m**2 - 6*m - 4. Let q(v) = h*x(v) + 13*c(v). List the prime factors of q(2).
2, 5
Let g(b) = -2026*b - 5107. List the prime factors of g(-16).
3, 9103
Suppose -9*v - 7 + 25 = 0. Suppose -3*a = 3*h - 405, v*h - 5*a = 6*h - 538. What are the prime factors of h?
137
Let x(l) = 12*l + 12. Let j(t) = t. Let b(z) = z**3 - z**2 - 3*z - 6. Let s be b(0). Let f(a) = s*j(a) - x(a). List the prime factors of f(-4).
2, 3, 5
Suppose -c + 10*c - 675 = 0. Let h = -74 + c. What are the prime factors of 1*190 + (-4 - 0) + h?
11, 17
Let o(n) = 5*n - 48. Let a be o(10). Suppose -59 = -5*h + 116. What are the prime factors of (a/10*74)/(7/h)?
2, 37
Let h = -240 - -254. Suppose 3*g - 2031 = 10*m - h*m, 4*g - 4*m = 2680. What are the prime factors of g?
673
Suppose 3570 = -458*i + 455*i. Let x = 1779 + i. What are the prime factors of x?
19, 31
Let t = -3170 - -1918. Let w = -718 - t. List the prime factors of w.
2, 3, 89
Suppose -h + 4 = 4*n + 15, -5*h = -5*n + 30. Let w = h - -13. Suppose 2*p + 164 = w*p. What are the prime factors of p?
41
What are the prime factors of (-9)/(12 + -21) - -44895?
2, 23, 61
Let h(i) = -7*i + 21*i - 4*i**2 - 4*i + 13*i**2. Let x be h(8). Let r = x - 420. List the prime factors of r.
2, 59
Let d(s) = 5*s - 35. Let j be d(7). Suppose j = 3*o - 2*w - 1063, 2*w + 622 = -4*o + 2030. List the prime factors of o.
353
Let x(o) = -14*o - 114. Let w be x(-20). Suppose w*a = 163*a + 252. What are the prime factors o